{"id":126,"date":"2019-10-09T18:47:07","date_gmt":"2019-10-09T16:47:07","guid":{"rendered":"http:\/\/test.theaterfreunde-steinberg.de\/?page_id=126"},"modified":"2019-10-09T22:33:49","modified_gmt":"2019-10-09T20:33:49","slug":"2014-2","status":"publish","type":"page","link":"https:\/\/theaterfreunde-steinberg.de\/?page_id=126","title":{"rendered":"2014"},"content":{"rendered":"\n<h2 class=\"has-text-align-center wp-block-heading\">Da Austragsschwindel<\/h2>\n\n\n\n<p class=\"has-text-align-center\">Kom\u00f6die in 3 Akten von Peter Landstorfer<\/p>\n\n\n\n<p> Der Gem\u00fcsebauer Karl Ackermayr sen. hat in seinem Testament listig daf\u00fcr gesorgt, dass seine Frau, die \u201eMoidl Mam\u201c, auf jeden Fall noch f\u00fcnf Jahre nach seinem Tod einen \u201enobligen\u201c Austrag genie\u00dfen kann. Nachdem nun vier Jahre vergangen sind, m\u00f6chte Moidl Mam das letzte Jahr in besonderer Weise genie\u00dfen und schmiedet zusammen mit ihrem Doktor und Vertrauten Thomas Dudlhofer einen \u201egesegneten\u201c Plan, den \u201eAustrags-Schwindel\u201c, der den Rest der Familie buchst\u00e4blich in den Wahnsinn treibt. <\/p>\n\n\n\n<p> <strong>BEMERKUNG<\/strong>: 2014 wurde vor &#8222;Da Austragsschwindel&#8220; der 1-Akter &#8222;Das Hochzeitsessen&#8220; aufgef\u00fchrt. N\u00e4here Informationen hierzu unter <a href=\"http:\/\/test.theaterfreunde-steinberg.de\/?page_id=672\">2014 &#8211; Einakter<\/a><\/p>\n\n\n\nngg_shortcode_0_placeholder\n","protected":false},"excerpt":{"rendered":"<p>Da Austragsschwindel Kom\u00f6die in 3 Akten von Peter Landstorfer Der Gem\u00fcsebauer Karl Ackermayr sen. hat in seinem Testament listig daf\u00fcr gesorgt, dass seine Frau, die \u201eMoidl Mam\u201c, auf jeden Fall noch f\u00fcnf Jahre nach seinem Tod einen \u201enobligen\u201c Austrag genie\u00dfen kann. Nachdem nun vier Jahre vergangen sind, m\u00f6chte Moidl Mam das letzte Jahr in besonderer Weise genie\u00dfen und schmiedet zusammen mit ihrem Doktor und Vertrauten Thomas Dudlhofer einen \u201egesegneten\u201c Plan, den \u201eAustrags-Schwindel\u201c, der den Rest der Familie buchst\u00e4blich in den&#8230;<\/p>\n<p class=\"read-more\"><a class=\"btn btn-default\" href=\"https:\/\/theaterfreunde-steinberg.de\/?page_id=126\">Weiterlesen<span class=\"screen-reader-text\"> Weiterlesen<\/span><\/a><\/p>\n","protected":false},"author":1,"featured_media":0,"parent":0,"menu_order":0,"comment_status":"closed","ping_status":"closed","template":"","meta":{"ngg_post_thumbnail":0,"footnotes":""},"class_list":["post-126","page","type-page","status-publish","hentry"],"_links":{"self":[{"href":"https:\/\/theaterfreunde-steinberg.de\/index.php?rest_route=\/wp\/v2\/pages\/126","targetHints":{"allow":["GET"]}}],"collection":[{"href":"https:\/\/theaterfreunde-steinberg.de\/index.php?rest_route=\/wp\/v2\/pages"}],"about":[{"href":"https:\/\/theaterfreunde-steinberg.de\/index.php?rest_route=\/wp\/v2\/types\/page"}],"author":[{"embeddable":true,"href":"https:\/\/theaterfreunde-steinberg.de\/index.php?rest_route=\/wp\/v2\/users\/1"}],"replies":[{"embeddable":true,"href":"https:\/\/theaterfreunde-steinberg.de\/index.php?rest_route=%2Fwp%2Fv2%2Fcomments&post=126"}],"version-history":[{"count":5,"href":"https:\/\/theaterfreunde-steinberg.de\/index.php?rest_route=\/wp\/v2\/pages\/126\/revisions"}],"predecessor-version":[{"id":685,"href":"https:\/\/theaterfreunde-steinberg.de\/index.php?rest_route=\/wp\/v2\/pages\/126\/revisions\/685"}],"wp:attachment":[{"href":"https:\/\/theaterfreunde-steinberg.de\/index.php?rest_route=%2Fwp%2Fv2%2Fmedia&parent=126"}],"curies":[{"name":"wp","href":"https:\/\/api.w.org\/{rel}","templated":true}]}}