{"id":160,"date":"2019-10-09T18:49:30","date_gmt":"2019-10-09T16:49:30","guid":{"rendered":"http:\/\/test.theaterfreunde-steinberg.de\/?page_id=160"},"modified":"2020-01-29T17:22:14","modified_gmt":"2020-01-29T16:22:14","slug":"1997-2","status":"publish","type":"page","link":"https:\/\/theaterfreunde-steinberg.de\/?page_id=160","title":{"rendered":"1997"},"content":{"rendered":"\n<h2 class=\"has-text-align-center wp-block-heading\">Das s\u00fcndige Dorf<\/h2>\n\n\n\n<p class=\"has-text-align-center\">Bauernkom\u00f6die in drei Akten von Max Neal<\/p>\n\n\n\n<p>Auf dem Stangassinger-Hof wachsen zwei stramme S\u00f6hne heran. ungl\u00fccklicherweise verlieben sich aber beide in die nette, bescheidene Vevi, die oft auf den Hof kommt, um der Stangassingerin zu helfen.<br> Der Bauer wei\u00df, da\u00df das Veverl ein Produkt seiner st\u00fcrmischen Jugend ist und verbietet mit allen Mitteln, das M\u00e4del dem Blickfeld seiner S\u00f6hne zu entziehen. Dabei st\u00f6\u00dft er auf die gr\u00f6\u00dften Schwierigkeiten, da seine Frau das Veverl auf jeden Fall als Schwiegertochter sehen m\u00f6chte. <\/p>\n\n\n\n<figure class=\"wp-block-gallery columns-1 is-cropped wp-block-gallery-1 is-layout-flex wp-block-gallery-is-layout-flex\"><ul class=\"blocks-gallery-grid\"><li class=\"blocks-gallery-item\"><figure><img loading=\"lazy\" decoding=\"async\" width=\"683\" height=\"1024\" src=\"http:\/\/test.theaterfreunde-steinberg.de\/wp-content\/uploads\/2019\/10\/Plakat1997_Das_s\u00fcndige_Dorf-683x1024.jpg\" alt=\"\" data-id=\"640\" data-full-url=\"http:\/\/test.theaterfreunde-steinberg.de\/wp-content\/uploads\/2019\/10\/Plakat1997_Das_s\u00fcndige_Dorf.jpg\" data-link=\"http:\/\/test.theaterfreunde-steinberg.de\/?attachment_id=640\" class=\"wp-image-640\" srcset=\"https:\/\/theaterfreunde-steinberg.de\/wp-content\/uploads\/2019\/10\/Plakat1997_Das_s\u00fcndige_Dorf-683x1024.jpg 683w, https:\/\/theaterfreunde-steinberg.de\/wp-content\/uploads\/2019\/10\/Plakat1997_Das_s\u00fcndige_Dorf-200x300.jpg 200w, https:\/\/theaterfreunde-steinberg.de\/wp-content\/uploads\/2019\/10\/Plakat1997_Das_s\u00fcndige_Dorf-768x1152.jpg 768w, https:\/\/theaterfreunde-steinberg.de\/wp-content\/uploads\/2019\/10\/Plakat1997_Das_s\u00fcndige_Dorf-180x270.jpg 180w, https:\/\/theaterfreunde-steinberg.de\/wp-content\/uploads\/2019\/10\/Plakat1997_Das_s\u00fcndige_Dorf.jpg 1699w\" sizes=\"auto, (max-width: 683px) 100vw, 683px\" \/><\/figure><\/li><\/ul><\/figure>\n\n\n\n<p><br> In dieser schwierigen Situation l\u00e4\u00dft der Bauer den reichen Vogelhuber mit seiner etwas beschr\u00e4nkten Tochter Afra zur Brautschau kommen. Er besteht darauf, da\u00df sein Sepp als der \u00c4ltere die Afra heiratet. Dieser Plan widerspricht aber ganz den W\u00fcnschen der B\u00e4uerin, denn ihr Geheimnis ist es, Da\u00df nicht ihr Mann, sondern der Vogelhuber der Vater vom Sepp ist. Auch die B\u00e4uerin ger\u00e4t durch diese Situation von einer Verlegenheit in die andere.<br> Nach vielen Aufregungen gestehen sich der Bauer und die B\u00e4uerin endlich die Fehltritte ihrer Jugend ein und so k\u00f6nnen sie mit gutem Gewissen dem Sepp zu seiner Vevi und dem Toni zu seiner Afra verhelfen.<\/p>\n","protected":false},"excerpt":{"rendered":"<p>Das s\u00fcndige Dorf Bauernkom\u00f6die in drei Akten von Max Neal Auf dem Stangassinger-Hof wachsen zwei stramme S\u00f6hne heran. ungl\u00fccklicherweise verlieben sich aber beide in die nette, bescheidene Vevi, die oft auf den Hof kommt, um der Stangassingerin zu helfen. Der Bauer wei\u00df, da\u00df das Veverl ein Produkt seiner st\u00fcrmischen Jugend ist und verbietet mit allen Mitteln, das M\u00e4del dem Blickfeld seiner S\u00f6hne zu entziehen. Dabei st\u00f6\u00dft er auf die gr\u00f6\u00dften Schwierigkeiten, da seine Frau das Veverl auf jeden Fall als&#8230;<\/p>\n<p class=\"read-more\"><a class=\"btn btn-default\" href=\"https:\/\/theaterfreunde-steinberg.de\/?page_id=160\">Weiterlesen<span class=\"screen-reader-text\"> Weiterlesen<\/span><\/a><\/p>\n","protected":false},"author":1,"featured_media":0,"parent":0,"menu_order":0,"comment_status":"closed","ping_status":"closed","template":"","meta":{"ngg_post_thumbnail":0,"footnotes":""},"class_list":["post-160","page","type-page","status-publish","hentry"],"_links":{"self":[{"href":"https:\/\/theaterfreunde-steinberg.de\/index.php?rest_route=\/wp\/v2\/pages\/160","targetHints":{"allow":["GET"]}}],"collection":[{"href":"https:\/\/theaterfreunde-steinberg.de\/index.php?rest_route=\/wp\/v2\/pages"}],"about":[{"href":"https:\/\/theaterfreunde-steinberg.de\/index.php?rest_route=\/wp\/v2\/types\/page"}],"author":[{"embeddable":true,"href":"https:\/\/theaterfreunde-steinberg.de\/index.php?rest_route=\/wp\/v2\/users\/1"}],"replies":[{"embeddable":true,"href":"https:\/\/theaterfreunde-steinberg.de\/index.php?rest_route=%2Fwp%2Fv2%2Fcomments&post=160"}],"version-history":[{"count":4,"href":"https:\/\/theaterfreunde-steinberg.de\/index.php?rest_route=\/wp\/v2\/pages\/160\/revisions"}],"predecessor-version":[{"id":790,"href":"https:\/\/theaterfreunde-steinberg.de\/index.php?rest_route=\/wp\/v2\/pages\/160\/revisions\/790"}],"wp:attachment":[{"href":"https:\/\/theaterfreunde-steinberg.de\/index.php?rest_route=%2Fwp%2Fv2%2Fmedia&parent=160"}],"curies":[{"name":"wp","href":"https:\/\/api.w.org\/{rel}","templated":true}]}}