{"id":162,"date":"2019-10-09T18:49:36","date_gmt":"2019-10-09T16:49:36","guid":{"rendered":"http:\/\/test.theaterfreunde-steinberg.de\/?page_id=162"},"modified":"2019-10-09T21:03:52","modified_gmt":"2019-10-09T19:03:52","slug":"1996-2","status":"publish","type":"page","link":"https:\/\/theaterfreunde-steinberg.de\/?page_id=162","title":{"rendered":"1996"},"content":{"rendered":"\n<h2 class=\"has-text-align-center wp-block-heading\">Zwoa harte N\u00fc\u00df<\/h2>\n\n\n\n<p class=\"has-text-align-center\">Heitere Begebenheit in drei Akiten von Ulla Kling<\/p>\n\n\n\n<p>Auf dem Lechner-Hof ist der Kindersegen ausgeblieben. Die Kr\u00e4uter-Zenz \u00fcberzeugt die B\u00e4uerin davon, da\u00df nur sie hierf\u00fcr die Schuld tr\u00e4gt, weil sie den Bauern einem anderen Madl weggenommen hat, das sich damals berechtigte Hoffnungen auf eine Heirat gemacht hatte. Auf diese Weise gelingt es der Zenz, die gl\u00fcckliche Ehe der Bauersleut&#8216; zu tr\u00fcben.<br> Die Magd Mirzl und der Knecht Loisl, die beide nicht durch Sch\u00f6nheit geplagt werden, machen alle Arbeit und erringen durch ihr einf\u00e4ltiges, aber ehrliches und flei\u00dfiges Wesen die Zuneigung des kinderlosen Paares. Gern w\u00fcrden die Bauersleut&#8216; die beiden vereint und als Erben ihres Hofes sehen, aber die zwei sind so schiach, da\u00df sie gegenseitig ihre Reize nicht erkennen.<\/p>\n\n\n\n<figure class=\"wp-block-gallery columns-2 is-cropped wp-block-gallery-1 is-layout-flex wp-block-gallery-is-layout-flex\"><ul class=\"blocks-gallery-grid\"><li class=\"blocks-gallery-item\"><figure><img loading=\"lazy\" decoding=\"async\" width=\"1024\" height=\"701\" src=\"http:\/\/test.theaterfreunde-steinberg.de\/wp-content\/uploads\/2019\/10\/8e81b7dc-2d15-4b5c-b463-240829155b64-1024x701.jpg\" alt=\"\" data-id=\"658\" data-full-url=\"http:\/\/test.theaterfreunde-steinberg.de\/wp-content\/uploads\/2019\/10\/8e81b7dc-2d15-4b5c-b463-240829155b64.jpg\" data-link=\"http:\/\/test.theaterfreunde-steinberg.de\/?attachment_id=658\" class=\"wp-image-658\" srcset=\"https:\/\/theaterfreunde-steinberg.de\/wp-content\/uploads\/2019\/10\/8e81b7dc-2d15-4b5c-b463-240829155b64-1024x701.jpg 1024w, https:\/\/theaterfreunde-steinberg.de\/wp-content\/uploads\/2019\/10\/8e81b7dc-2d15-4b5c-b463-240829155b64-300x205.jpg 300w, https:\/\/theaterfreunde-steinberg.de\/wp-content\/uploads\/2019\/10\/8e81b7dc-2d15-4b5c-b463-240829155b64-768x526.jpg 768w, https:\/\/theaterfreunde-steinberg.de\/wp-content\/uploads\/2019\/10\/8e81b7dc-2d15-4b5c-b463-240829155b64-395x270.jpg 395w, https:\/\/theaterfreunde-steinberg.de\/wp-content\/uploads\/2019\/10\/8e81b7dc-2d15-4b5c-b463-240829155b64.jpg 1280w\" sizes=\"auto, (max-width: 1024px) 100vw, 1024px\" \/><\/figure><\/li><li class=\"blocks-gallery-item\"><figure><img loading=\"lazy\" decoding=\"async\" width=\"1024\" height=\"694\" src=\"http:\/\/test.theaterfreunde-steinberg.de\/wp-content\/uploads\/2019\/10\/52e0bd83-0fba-42c8-9847-34044d6333c6-1024x694.jpg\" alt=\"\" data-id=\"659\" data-full-url=\"http:\/\/test.theaterfreunde-steinberg.de\/wp-content\/uploads\/2019\/10\/52e0bd83-0fba-42c8-9847-34044d6333c6.jpg\" data-link=\"http:\/\/test.theaterfreunde-steinberg.de\/?attachment_id=659\" class=\"wp-image-659\" srcset=\"https:\/\/theaterfreunde-steinberg.de\/wp-content\/uploads\/2019\/10\/52e0bd83-0fba-42c8-9847-34044d6333c6-1024x694.jpg 1024w, https:\/\/theaterfreunde-steinberg.de\/wp-content\/uploads\/2019\/10\/52e0bd83-0fba-42c8-9847-34044d6333c6-300x203.jpg 300w, https:\/\/theaterfreunde-steinberg.de\/wp-content\/uploads\/2019\/10\/52e0bd83-0fba-42c8-9847-34044d6333c6-768x521.jpg 768w, https:\/\/theaterfreunde-steinberg.de\/wp-content\/uploads\/2019\/10\/52e0bd83-0fba-42c8-9847-34044d6333c6-398x270.jpg 398w, https:\/\/theaterfreunde-steinberg.de\/wp-content\/uploads\/2019\/10\/52e0bd83-0fba-42c8-9847-34044d6333c6.jpg 1280w\" sizes=\"auto, (max-width: 1024px) 100vw, 1024px\" \/><\/figure><\/li><\/ul><\/figure>\n\n\n\n<p><br> Da erscheint v\u00f6llig unerwartet ein junger Poet auf dem Hof, der die Einsamkeit dazu benutzt, um sch\u00f6ne Versln zu machen. In seinem \u00dcberschwang glaubt er, aus der &#8222;schiachen Rosn&#8220; Mirzl einen Schmetterling machen zu k\u00f6nnen, indem er st\u00e4ndig durch Gedichte ihre &#8222;Psyche&#8220; erweckt. Erst als Mirzl durch den spinnerten &#8222;Dichterling&#8220; zur &#8222;Dame&#8220; wird, erkennt Loisl, da\u00df das Madl zu schad f\u00fcr solche Experimente ist und kommt zu der \u00dcberzeugung, da\u00df zwei &#8222;Schiache&#8220; zusammen auch ein gl\u00fcckliches Paar geben k\u00f6nnen. Doch bis dahin gibt es schon noch &#8222;zwoa harte N\u00fc\u00df&#8220; zu knacken.<\/p>\n\n\n\nngg_shortcode_0_placeholder\n","protected":false},"excerpt":{"rendered":"<p>Zwoa harte N\u00fc\u00df Heitere Begebenheit in drei Akiten von Ulla Kling Auf dem Lechner-Hof ist der Kindersegen ausgeblieben. Die Kr\u00e4uter-Zenz \u00fcberzeugt die B\u00e4uerin davon, da\u00df nur sie hierf\u00fcr die Schuld tr\u00e4gt, weil sie den Bauern einem anderen Madl weggenommen hat, das sich damals berechtigte Hoffnungen auf eine Heirat gemacht hatte. Auf diese Weise gelingt es der Zenz, die gl\u00fcckliche Ehe der Bauersleut&#8216; zu tr\u00fcben. Die Magd Mirzl und der Knecht Loisl, die beide nicht durch Sch\u00f6nheit geplagt werden, machen alle&#8230;<\/p>\n<p class=\"read-more\"><a class=\"btn btn-default\" href=\"https:\/\/theaterfreunde-steinberg.de\/?page_id=162\">Weiterlesen<span class=\"screen-reader-text\"> Weiterlesen<\/span><\/a><\/p>\n","protected":false},"author":1,"featured_media":0,"parent":0,"menu_order":0,"comment_status":"closed","ping_status":"closed","template":"","meta":{"ngg_post_thumbnail":0,"footnotes":""},"class_list":["post-162","page","type-page","status-publish","hentry"],"_links":{"self":[{"href":"https:\/\/theaterfreunde-steinberg.de\/index.php?rest_route=\/wp\/v2\/pages\/162","targetHints":{"allow":["GET"]}}],"collection":[{"href":"https:\/\/theaterfreunde-steinberg.de\/index.php?rest_route=\/wp\/v2\/pages"}],"about":[{"href":"https:\/\/theaterfreunde-steinberg.de\/index.php?rest_route=\/wp\/v2\/types\/page"}],"author":[{"embeddable":true,"href":"https:\/\/theaterfreunde-steinberg.de\/index.php?rest_route=\/wp\/v2\/users\/1"}],"replies":[{"embeddable":true,"href":"https:\/\/theaterfreunde-steinberg.de\/index.php?rest_route=%2Fwp%2Fv2%2Fcomments&post=162"}],"version-history":[{"count":3,"href":"https:\/\/theaterfreunde-steinberg.de\/index.php?rest_route=\/wp\/v2\/pages\/162\/revisions"}],"predecessor-version":[{"id":660,"href":"https:\/\/theaterfreunde-steinberg.de\/index.php?rest_route=\/wp\/v2\/pages\/162\/revisions\/660"}],"wp:attachment":[{"href":"https:\/\/theaterfreunde-steinberg.de\/index.php?rest_route=%2Fwp%2Fv2%2Fmedia&parent=162"}],"curies":[{"name":"wp","href":"https:\/\/api.w.org\/{rel}","templated":true}]}}