{"id":187,"date":"2019-10-09T18:54:10","date_gmt":"2019-10-09T16:54:10","guid":{"rendered":"http:\/\/test.theaterfreunde-steinberg.de\/?page_id=187"},"modified":"2019-10-27T23:37:15","modified_gmt":"2019-10-27T22:37:15","slug":"2019-2","status":"publish","type":"page","link":"https:\/\/theaterfreunde-steinberg.de\/?page_id=187","title":{"rendered":"2019"},"content":{"rendered":"\n<h2 class=\"has-text-align-center wp-block-heading\">Da Grantlhuaber<\/h2>\n\n\n\n<p class=\"has-text-align-center\">Kom\u00f6die in drei Akten von Peter Landstorfer<\/p>\n\n\n\n<p><strong>Um was geht\u2019s?<\/strong><\/p>\n\n\n\n<p>\u201e<em>Dies ist ein Scheid, ein Schlei\u00dfenscheid, ein wohlgeschlossenes Schlei\u00dfenscheid. Von der Frau Weise aus Meisen. Und sie l\u00e4sst euch sagen, sie w\u00e4r so freu, dass sie die beste Scheidschlei\u00dferin sei.<\/em>\u201c \u2013 Mit diesen historischen Worten wurde vor 100 Jahren der Grundstein des Scheidlinger Vereins gelegt und nun laufen im B\u00fcrgermeisteramt die Planungen f\u00fcr das Jubil\u00e4um auf Hochtouren. Doch Selbstherrlichkeit, Intrigen, Liebeleien, Spezlwirtschaften und eine saubere Portion \u201eMia-san-Mia\u201c-Politik bringen das Vorhaben an den Rand des Scheiterns.<\/p>\n\n\n\n<p><\/p>\n\n\n\nngg_shortcode_0_placeholder\n","protected":false},"excerpt":{"rendered":"<p>Da Grantlhuaber Kom\u00f6die in drei Akten von Peter Landstorfer Um was geht\u2019s? \u201eDies ist ein Scheid, ein Schlei\u00dfenscheid, ein wohlgeschlossenes Schlei\u00dfenscheid. Von der Frau Weise aus Meisen. Und sie l\u00e4sst euch sagen, sie w\u00e4r so freu, dass sie die beste Scheidschlei\u00dferin sei.\u201c \u2013 Mit diesen historischen Worten wurde vor 100 Jahren der Grundstein des Scheidlinger Vereins gelegt und nun laufen im B\u00fcrgermeisteramt die Planungen f\u00fcr das Jubil\u00e4um auf Hochtouren. Doch Selbstherrlichkeit, Intrigen, Liebeleien, Spezlwirtschaften und eine saubere Portion \u201eMia-san-Mia\u201c-Politik bringen&#8230;<\/p>\n<p class=\"read-more\"><a class=\"btn btn-default\" href=\"https:\/\/theaterfreunde-steinberg.de\/?page_id=187\">Weiterlesen<span class=\"screen-reader-text\"> Weiterlesen<\/span><\/a><\/p>\n","protected":false},"author":1,"featured_media":0,"parent":0,"menu_order":0,"comment_status":"closed","ping_status":"closed","template":"","meta":{"ngg_post_thumbnail":0,"footnotes":""},"class_list":["post-187","page","type-page","status-publish","hentry"],"_links":{"self":[{"href":"https:\/\/theaterfreunde-steinberg.de\/index.php?rest_route=\/wp\/v2\/pages\/187","targetHints":{"allow":["GET"]}}],"collection":[{"href":"https:\/\/theaterfreunde-steinberg.de\/index.php?rest_route=\/wp\/v2\/pages"}],"about":[{"href":"https:\/\/theaterfreunde-steinberg.de\/index.php?rest_route=\/wp\/v2\/types\/page"}],"author":[{"embeddable":true,"href":"https:\/\/theaterfreunde-steinberg.de\/index.php?rest_route=\/wp\/v2\/users\/1"}],"replies":[{"embeddable":true,"href":"https:\/\/theaterfreunde-steinberg.de\/index.php?rest_route=%2Fwp%2Fv2%2Fcomments&post=187"}],"version-history":[{"count":8,"href":"https:\/\/theaterfreunde-steinberg.de\/index.php?rest_route=\/wp\/v2\/pages\/187\/revisions"}],"predecessor-version":[{"id":777,"href":"https:\/\/theaterfreunde-steinberg.de\/index.php?rest_route=\/wp\/v2\/pages\/187\/revisions\/777"}],"wp:attachment":[{"href":"https:\/\/theaterfreunde-steinberg.de\/index.php?rest_route=%2Fwp%2Fv2%2Fmedia&parent=187"}],"curies":[{"name":"wp","href":"https:\/\/api.w.org\/{rel}","templated":true}]}}